(c) = -c**3 - 24*c**2 - 195*c + 35. What is p(-8)?
571
Let d(l) = -9*l**2 + 14813*l + 209172. Calculate d(-14).
26
Let j(q) = -q**2 + 17078*q + 496119. Calculate j(-29).
16
Let l(o) = -111898*o + 1118936. What is l(10)?
-44
Let p(u) = 2*u**2 - 915*u - 53415. Calculate p(510).
135
Let h(q) = -26*q**3 - 4268*q**2 - 661*q - 798. Give h(-164).
22
Let w(v) = -6*v**2 + 35*v + 323. Determine w(-10).
-627
Let a(l) = -1351*l**2 - 115*l - 113. Give a(-1).
-1349
Let s(f) = f**3 - 16*f**2 - 15*f - 78. Calculate s(-4).
-338
Let n(g) = 4*g**2 - 5276*g - 42445. Give n(-8).
19
Let b(k) = -3419*k**2 - 105991*k - 67. What is b(-31)?
-5
Let n(x) = 54739*x + 737. Give n(0).
737
Let i(x) = 22*x**2 + 311*x - 65. Give i(-14).
-107
Let k(u) = -10*u**2 + 3240*u - 9565. Give k(321).
65
Let u(i) = 706*i**2 + 5617*i - 107. What is u(-8)?
141
Let z(y) = -20*y**2 - 16738*y + 1685. Determine z(-837).
11
Let p(a) = -3*a**2 - 923*a + 11473. Give p(12).
-35
Let g(w) = -w**3 + 17*w**2 - 19*w - 88. What is g(12)?
404
Let o(t) = -3*t**3 + 15*t**2 + 42*t + 50. Give o(6).
194
Let i(a) = -3*a**3 + 57*a**2 + 146*a - 44. Determine i(21).
376
Let q(r) = 2*r**3 + 7*r**2 - 19*r - 285. Give q(5).
45
Let z(j) = 138*j**3 + 836*j - 1664. Give z(2).
1112
Let a(l) = -l**3 + 41*l**2 - 64*l - 190. What is a(39)?
356
Let x(k) = 4*k**2 - 502*k - 3053. What is x(131)?
-171
Let g(i) = 17*i**2 - 45*i - 305. Determine g(-6).
577
Let t(g) = 2008*g - 26108. Calculate t(13).
-4
Let a(c) = 4*c**3 + 313*c**2 - 4379*c + 578. Calculate a(12).
14
Let m(y) = -4176*y + 75185. Calculate m(18).
17
Let b(a) = 18193*a**2 + 72787*a + 2. Calculate b(-4).
-58
Let i(b) = 1302*b - 6423. Determine i(5).
87
Let y(m) = 193*m - 476. Give y(-3).
-1055
Let m(x) = -1039*x + 397. What is m(2)?
-1681
Let q(f) = 11485*f + 4858149. Calculate q(-423).
-6
Let g(t) = -t**3 + 22*t**2 - 3434*t + 96387. What is g(27)?
24
Let x(m) = 15*m**2 - 225*m + 2060. Calculate x(9).
1250
Let h(i) = -6*i**2 - 717*i - 5473. Calculate h(-8).
-121
Let f(m) = -1835*m + 24882. Calculate f(14).
-808
Let c(i) = -64*i - 6249. Determine c(-95).
-169
Let j(c) = c**3 - 11*c**2 - c + 50. Calculate j(7).
-153
Let x(n) = -9898*n - 20440. Determine x(-2).
-644
Let k(g) = 2*g**2 + 135*g - 6533. What is k(-100)?
-33
Let j(m) = 6224*m + 491695. Determine j(-79).
-1
Let u(n) = 1751*n**2 - 8718*n + 79. Calculate u(5).
264
Let c(j) = 6942*j + 55652. Give c(-8).
116
Let m(y) = -2574*y - 1217486. What is m(-473)?
16
Let l(t) = -84644*t - 592549. Calculate l(-7).
-41
Let n(x) = -5*x**2 - 579*x + 54. What is n(-116)?
-62
Let u(o) = -4*o**3 + 720*o**2 - 20291*o - 307. Calculate u(35).
8
Let r(x) = -x**3 - 132*x**2 - 152*x - 20053. Calculate r(-132).
11
Let a(b) = b**2 - 98*b - 56687. Determine a(-194).
-39
Let w(t) = -95*t**3 + 117*t**2 + 33*t - 34. Determine w(1).
21
Let o(m) = -1104622*m - 6627738. Determine o(-6).
-6
Let c(g) = g**2 + 355*g + 21412. Calculate c(-278).
6
Let y(k) = -2*k**2 + 58*k - 171. Give y(22).
137
Let o(b) = b**3 - 54*b**2 - 898*b - 45. Determine o(-13).
306
Let o(h) = -81*h**3 + 4*h**2 - 547*h + 545. Give o(1).
-79
Let o(w) = -w**3 - 308*w**2 - 21594*w + 1373. Determine o(-200).
173
Let t(l) = 241*l**2 + 593*l + 23. Calculate t(-2).
-199
Let k(h) = 4*h**3 + 5773*h**2 - 10112*h + 4372. Determine k(-1445).
37
Let x(k) = -8*k**2 + 4099*k - 12298. Give x(3).
-73
Let f(u) = 122*u - 5351. Determine f(37).
-837
Let p(u) = 4*u**3 - 260*u**2 + 2990*u + 154. Give p(15).
4
Let o(f) = -62*f**2 - 8640*f + 8643. Determine o(1).
-59
Let m(d) = 6929*d - 152454. Give m(22).
-16
Let z(m) = 770*m + 23870. What is z(-31)?
0
Let a(h) = 5*h**3 + 71*h**2 - 8611*h + 39. Calculate a(35).
4
Let m(b) = 7*b**2 + 22*b + 26. Calculate m(-3).
23
Let r(m) = 3*m**3 + 470*m**2 - 3255*m - 146. Give r(7).
1128
Let h(l) = -l**2 - 66*l - 585. Determine h(-52).
143
Let q(u) = u**2 - 200*u - 3415. Determine q(-16).
41
Let l(j) = 2*j**2 - 6665*j - 20005. Determine l(-3).
8
Let g(a) = 4798*a - 878141. Calculate g(183).
-107
Let n(f) = -48*f + 1704. Give n(30).
264
Let p(o) = -o**3 - 1861*o**2 - 35059*o - 1203. What is p(-19)?
-44
Let q(p) = 16*p**2 + 3516*p + 13325. Determine q(-216).
365
Let h(x) = -61396*x - 859528. Calculate h(-14).
16
Let m(l) = -l**3 + 47*l**2 + 3113*l + 179. Calculate m(-37).
-6
Let s(z) = -6*z**2 - 201*z + 1609. Give s(9).
-686
Let d(t) = 38*t**2 + 262*t + 192. Give d(-6).
-12
Let y(m) = 847*m - 14487. Calculate y(22).
4147
Let y(c) = c**3 + 75*c**2 - 667*c - 39504. Determine y(-77).
-3
Let g(q) = -45*q**2 + 13934*q + 376483. What is g(-25)?
8
Let q(z) = -634*z + 15858. Determine q(23).
1276
Let n(i) = -i**3 + 25*i**2 - 2912*i + 52955. Give n(19).
-207
Let f(s) = -31707*s + 3012157. What is f(95)?
-8
Let z(p) = 42*p**2 - 2700*p + 669. Give z(64).
-99
Let a(v) = -384*v + 9285. Determine a(24).
69
Let p(i) = 2112*i - 673726. Give p(319).
2
Let b(t) = -3*t**3 + 109*t**2 + 56*t + 740. Give b(37).
74
Let j(x) = -4*x**3 - 3*x**2 - 75*x - 748. Give j(-9).
2600
Let m(x) = -6*x**2 - 121*x - 511. Give m(-14).
7
Let f(z) = -z**2 - 95415*z + 1049799. What is f(11)?
113
Let o(y) = -23863*y + 596674. Give o(25).
99
Let u(i) = -3520*i - 116153. What is u(-33)?
7
Let c(a) = -a**2 + 16858*a + 151808. What is c(-9)?
5
Let l(i) = -34058*i + 136157. Calculate l(4).
-75
Let o(y) = 5*y**2 - 2015*y + 5994. Calculate o(3).
-6
Let g(d) = -11*d**2 + 26044*d + 287821. Calculate g(-11).
6
Let q(n) = 52722*n + 369046. What is q(-7)?
-8
Let x(s) = 12*s**2 + 5717*s + 548093. Determine x(-133).
0
Let q(g) = g**2 - 53*g - 1264. Calculate q(-17).
-74
Let f(p) = 982*p**2 + 28461*p - 497. Determine f(-29).
-4
Let c(m) = -25560*m + 25670. Give c(1).
110
Let y(x) = 16*x**3 - 977*x**2 + 67*x - 339. Give y(61).
27
Let q(y) = 13*y**2 + 2197*y - 10935. Determine q(-174).
375
Let d(k) = -6260*k - 1777843. Calculate d(-284).
-3
Let s(n) = n**3 + 18*n**2 - 2275*n - 32651. Determine s(-14).
-17
Let h(w) = -w**3 - 408*w**2 + 2564*w - 477. Calculate h(6).
3
Let z(j) = j**3 + 13*j**2 - 110*j - 961. What is z(-9)?
353
Let t(h) = -180*h**2 - 484*h + 160. Give t(-3).
-8
Let d(f) = 2*f**3 - 6*f**2 + 153894*f - 615611. What is d(4)?
-3
Let p(u) = -3*u**2 + 4764*u - 1182713. What is p(308)?
7
Let n(y) = -19*y**2 + 4163*y - 20673. Calculate n(5).
-333
Let o(r) = r**2 - 361*r - 16349. What is o(-42)?
577
Let d(f) = 9*f**2 + 4034*f + 4032. Calculate d(-1).
7
Let s(p) = 1760611*p**2 + 3521217*p - 6. What is s(-2)?
4
Let i(s) = -2994*s - 197669. Calculate i(-66).
-65
Let m(u) = -u**2 - 83671*u - 2341994. Give m(-28).
10
Let r(m) = 15*m**2 + 48*m - 2259. Determine r(-14).
9
Let t(u) = -1997*u + 43492. Calculate t(22).
-442
Let g(w) = -34838*w + 1428363. Give g(41).
5
Let d(w) = 73*w**2 + 767*w + 2279. Calculate d(-3).
635
Let v(z) = -6*z**3 + 58*z**2 - 646*z + 4575. Calculate v(8).
47
Let h(o) = 5*o**3 + 836*o**2 + 116*o - 9462. What is h(-167)?
-945
Let w(d) = -104*d**2 + 209*d + 12. Determine w(0).
12
Let u(c) = -2776*c - 47216. Determine u(-17).
-24
Let h(i) = -99*i**3 - 814*i**2 - 165*i + 30. Calculate h(-8).
-58
Let s(y) = -35*y**3 - 50*y**2 - 36*y + 7. Determine s(-1).
28
Let p(j) = -19886*j - 39769. What is p(-2)?
3
Let i(g) = -1066*g - 18854. What is i(-18)?
334
Let d(b) = 10606*b - 52869. Calculate d(5).
161
Let k(p) = 7*p**2 - 1319*p + 38511. Give k(36).
99
Let d(v) = v**3 - 25*v**2 - 828*v + 18541. Give d(20).
-19
Let f(z) = -1575*z**2 + 3024*z - 21. Determine f(2).
-273
Let w(g) = g**3 - 72*g**2 + 190*g + 28. Give w(69).
-1145
Let b(c) = 1355*c - 5289. Give b(4).
131
Let l(w) = -9898*w + 137627. Calculate l(14).
-945
Let r(l) = 2*l**2 + 158*l + 291. Give r(-77).
-17
Let n(z) = 2227*z + 31180. Determine n(-14).
2
Let q(m) = -6621*m + 105904. Give q(16).
-32
Let s(w) = 353573*w + 1414304. Determine s(-4).
12
Let c(v) = v**2 - 1487*v + 92870. Give c(66).
-916
Let d(u) = 5*u**2 + 37081*u - 706340. Determine d(19).
4
Let t(n) = 4948*n + 173660. Give t(-35).
480
Let x(b) = -4*b**2 - 911*b - 42599. Determine x(-162).
7
Let x(c) = -344*c + 11647. Give x(41).
-2457
Let q(i) = 6*i**2 + 543*i + 3706. Calculate q(-83).
-29
Let f(j) = -1921*j - 17337. Calculate f(-9).
-48
Let r(i) = 2*i**2 + 805*i - 69430. Calculate r(73).
-7
Let m(w) = 21*w**2 - 5610*w + 951. Determine m(267).
150
Let p(n) = -285*n - 14075. What is p(-40)?